What is the units digit of 10084757?
7
What is the tens digit of 375203?
0
What is the units digit of 51355?
5
What is the ten millions digit of 32390699?
3
What is the ten millions digit of 19353234?
1
What is the ten thousands digit of 1534742?
3
What is the units digit of 1103905?
5
What is the millions digit of 1277740?
1
What is the units digit of 1669718?
8
What is the units digit of 1676419?
9
What is the thousands digit of 3657068?
7
What is the tens digit of 125521?
2
What is the units digit of 680807?
7
What is the hundred thousands digit of 5085487?
0
What is the units digit of 621908?
8
What is the hundreds digit of 11360678?
6
What is the units digit of 7451042?
2
What is the units digit of 719386?
6
What is the hundreds digit of 22910959?
9
What is the hundreds digit of 1227604?
6
What is the hundreds digit of 159801?
8
What is the tens digit of 4270207?
0
What is the hundreds digit of 829395?
3
What is the thousands digit of 381845?
1
What is the thousands digit of 9399791?
9
What is the tens digit of 758240?
4
What is the ten thousands digit of 326795?
2
What is the tens digit of 4595359?
5
What is the hundreds digit of 4806298?
2
What is the ten thousands digit of 239137?
3
What is the thousands digit of 1425726?
5
What is the millions digit of 4938810?
4
What is the ten thousands digit of 5603356?
0
What is the thousands digit of 155075?
5
What is the tens digit of 599012?
1
What is the hundreds digit of 11967406?
4
What is the tens digit of 1265098?
9
What is the tens digit of 4035958?
5
What is the thousands digit of 579124?
9
What is the hundreds digit of 5925656?
6
What is the hundreds digit of 2584045?
0
What is the hundred thousands digit of 6349743?
3
What is the hundreds digit of 1820627?
6
What is the thousands digit of 81519?
1
What is the thousands digit of 453783?
3
What is the thousands digit of 1165215?
5
What is the ten thousands digit of 12969979?
6
What is the millions digit of 1981199?
1
What is the hundred thousands digit of 491054?
4
What is the ten thousands digit of 543242?
4
What is the thousands digit of 161031?
1
What is the hundreds digit of 841220?
2
What is the units digit of 228146?
6
What is the ten thousands digit of 98477?
9
What is the tens digit of 2865039?
3
What is the thousands digit of 483789?
3
What is the tens digit of 198101?
0
What is the ten thousands digit of 4972156?
7
What is the hundred thousands digit of 9797022?
7
What is the ten thousands digit of 480175?
8
What is the ten thousands digit of 323064?
2
What is the units digit of 96669?
9
What is the units digit of 182669?
9
What is the units digit of 12641039?
9
What is the units digit of 8650447?
7
What is the tens digit of 1014038?
3
What is the thousands digit of 132047?
2
What is the thousands digit of 19478?
9
What is the hundred thousands digit of 284859?
2
What is the units digit of 665060?
0
What is the thousands digit of 8087031?
7
What is the tens digit of 282290?
9
What is the ten thousands digit of 412397?
1
What is the units digit of 962713?
3
What is the ten thousands digit of 505154?
0
What is the ten thousands digit of 26546314?
4
What is the hundreds digit of 8217836?
8
What is the millions digit of 8162601?
8
What is the hundreds digit of 1444622?
6
What is the hundreds digit of 1055381?
3
What is the thousands digit of 1864625?
4
What is the millions digit of 1036236?
1
What is the ten thousands digit of 106089?
0
What is the thousands digit of 179403?
9
What is the ten thousands digit of 15166960?
6
What is the ten thousands digit of 554537?
5
What is the hundred thousands digit of 8445697?
4
What is the units digit of 23985266?
6
What is the ten thousands digit of 959381?
5
What is the hundreds digit of 109042?
0
What is the hundred thousands digit of 1593420?
5
What is the hundreds digit of 2711645?
6
What is the millions digit of 1477952?
1
What is the millions digit of 7774998?
7
What is the units digit of 1679419?
9
What is the tens digit of 133104?
0
What is the tens digit of 313104?
0
What is the hundreds digit of 6351357?
3
What is the ten millions digit of 18152533?
1
What is the hundred thousands digit of 3392621?
3
What is the hundred thousands digit of 605214?
6
What is the hundreds digit of 35831?
8
What is the units digit of 26577710?
0
What is the tens digit of 261744?
4
What is the thousands digit of 394430?
4
What is the hundreds digit of 1148622?
6
What is the ten thousands digit of 5366761?
6
What is the ten thousands digit of 5507742?
0
What is the ten millions digit of 17660178?
1
What is the units digit of 10933902?
2
What is the hundreds digit of 5239019?
0
What is the hundred thousands digit of 16312326?
3
What is the units digit of 149982?
2
What is the tens digit of 4881041?
4
What is the millions digit of 16416087?
6
What is the units digit of 133572?
2
What is the ten thousands digit of 24644462?
4
What is the ten thousands digit of 384719?
8
What is the ten thousands digit of 20200051?
0
What is the thousands digit of 440518?
0
What is the hundred thousands digit of 159026?
1
What is the units digit of 1857102?
2
What is the units digit of 212168?
8
What is the millions digit of 14013453?
4
What is the hundred thousands digit of 13179003?
1
What is the hundreds digit of 740774?
7
What is the hundred thousands digit of 2349842?
3
What is the hundred thousands digit of 26466410?
4
What is the tens digit of 151439?
3
What is the hundred thousands digit of 4875738?
8
What is the hundreds digit of 107834?
8
What is the hundred thousands digit of 2001992?
0
What is the units digit of 1905207?
7
What is the units digit of 8516521?
1
What is the tens digit of 4434063?
6
What is the tens digit of 535320?
2
What is the hundred thousands digit of 3886228?
8
What is the units digit of 518600?
0
What is the tens digit of 219595?
9
What is the hundred thousands digit of 1592889?
5
What is the units digit of 8480321?
1
What is the thousands digit of 3579364?
9
What is the tens digit of 1901166?
6
What is the tens digit of 90491?
9
What is the ten thousands digit of 1219485?
1
What is the ten millions digit of 25506691?
2
What is the ten millions digit of 15610883?
1
What is the units digit of 205368?
8
What is the ten thousands digit of 408631?
0
What is the units digit of 671281?
1
What is the hundred thousands digit of 100690?
1
What is the hundreds digit of 39595?
5
What is the ten thousands digit of 8377803?
7
What is the hundred thousands digit of 2444881?
4
What is the ten millions digit of 26490798?
2
What is the tens digit of 2468364?
6
What is the hundreds digit of 1462642?
6
What is the tens digit of 1254849?
4
What is the thousands digit of 3922744?
2
What is the hundred thousands digit of 803332?
8
What is the ten millions digit of 13421565?
1
What is the units digit of 656699?
9
What is the ten thousands digit of 915224?
1
What is the ten thousands digit of 113908?
1
What is the hundreds digit of 348004?
0
What is the thousands digit of 2248882?
8
What is the units digit of 115051?
1
What is the thousands digit of 5983305?
3
What is the units digit of 5724109?
9
What is the hundred thousands digit of 837650?
8
What is the millions digit of 1118794?
1
What is the units digit of 18050?
0
What is the ten thousands digit of 287675?
8
What is the millions digit of 4154173?
4
What is the hundreds digit of 150745?
7
What is the ten millions digit of 11875882?
1
What is the ten millions digit of 21918949?
2
What is the hundreds digit of 629931?
9
What is the tens digit of 66854?
5
What is the hundred thousands digit of 18792587?
7
What is the units digit of 5222642?
2
What is the tens digit of 9255607?
0
What is the hundreds digit of 12787791?
7
What is the tens digit of 1722988?
8
What is the hundreds digit of 4200659?
6
What is the ten thousands digit of 29440804?
4
What is the millions digit of 2946981?
2
What is the hundred thousands digit of 116286?
1
What is the units digit of 9593?
3
What is the millions digit of 1816210?
1
What is the millions digit of 9003089?
9
What is the hundred thousands digit of 380162?
3
What is the ten thousands digit of 1399107?
9
What is the units digit of 447794?
4
What is the units digit of 2247366?
6
What is the tens digit of 1280678?
7
What is th